2 is divided by 57?
56
What is the remainder when 542443794 is divided by 43?
41
Calculate the remainder when 648219 is divided by 323985.
249
What is the remainder when 61381525 is divided by 6138151?
15
What is the remainder when 261058 is divided by 190?
188
What is the remainder when 4471322 is divided by 186303?
50
What is the remainder when 803980492 is divided by 88?
84
What is the remainder when 21768762 is divided by 71?
20
What is the remainder when 917651828 is divided by 24?
20
What is the remainder when 769127 is divided by 14?
9
What is the remainder when 97241 is divided by 1288?
641
Calculate the remainder when 7534910 is divided by 673.
2
What is the remainder when 10579509 is divided by 314?
221
Calculate the remainder when 255879 is divided by 802.
41
Calculate the remainder when 62068 is divided by 30795.
478
Calculate the remainder when 3369662 is divided by 1303.
104
What is the remainder when 6538854 is divided by 49534?
366
What is the remainder when 69151059 is divided by 4321941?
3
What is the remainder when 93466 is divided by 23317?
198
Calculate the remainder when 5411874 is divided by 20269.
51
What is the remainder when 2041962 is divided by 647?
30
Calculate the remainder when 2949465 is divided by 51744.
57
Calculate the remainder when 95333118 is divided by 142.
140
What is the remainder when 317257 is divided by 31?
3
What is the remainder when 39922047 is divided by 1970?
1967
Calculate the remainder when 315025 is divided by 543.
85
What is the remainder when 98055098 is divided by 718?
710
What is the remainder when 44910 is divided by 44864?
46
What is the remainder when 5723492 is divided by 637?
47
Calculate the remainder when 121261 is divided by 21.
7
What is the remainder when 1973079 is divided by 46?
1
What is the remainder when 148143 is divided by 6064?
2607
Calculate the remainder when 20382161 is divided by 143536.
49
Calculate the remainder when 6069290 is divided by 168591.
14
What is the remainder when 1669147768 is divided by 5547?
5545
What is the remainder when 8089 is divided by 2652?
133
What is the remainder when 49939 is divided by 2732?
763
Calculate the remainder when 94178752 is divided by 520.
512
What is the remainder when 549653 is divided by 262?
239
Calculate the remainder when 3451234 is divided by 6637.
6631
What is the remainder when 2494596 is divided by 9900?
9696
What is the remainder when 958837 is divided by 177?
28
Calculate the remainder when 569586 is divided by 11624.
10
What is the remainder when 43392076 is divided by 234?
52
What is the remainder when 2228992 is divided by 1486?
1478
What is the remainder when 7883485 is divided by 2946?
2935
What is the remainder when 92872 is divided by 1021?
982
What is the remainder when 329941 is divided by 522?
37
Calculate the remainder when 3197652 is divided by 323.
275
Calculate the remainder when 7770 is divided by 5.
0
Calculate the remainder when 44237 is divided by 10986.
293
What is the remainder when 32034442 is divided by 29?
27
What is the remainder when 1810320 is divided by 360?
240
Calculate the remainder when 148598 is divided by 216.
206
What is the remainder when 811927126 is divided by 11?
10
What is the remainder when 235354 is divided by 36?
22
What is the remainder when 7297 is divided by 7207?
90
What is the remainder when 13274228 is divided by 26?
6
What is the remainder when 7413 is divided by 6941?
472
What is the remainder when 1355697 is divided by 14585?
13877
What is the remainder when 20927063 is divided by 444?
11
Calculate the remainder when 233257 is divided by 113922.
5413
What is the remainder when 701154 is divided by 5892?
6
What is the remainder when 40201705 is divided by 2407?
2398
What is the remainder when 1031536175 is divided by 12?
11
What is the remainder when 438672 is divided by 20?
12
Calculate the remainder when 54045 is divided by 6261.
3957
Calculate the remainder when 67495 is divided by 1030.
545
Calculate the remainder when 594242 is divided by 4110.
2402
Calculate the remainder when 251668 is divided by 2925.
118
Calculate the remainder when 1997199 is divided by 31.
24
What is the remainder when 247763 is divided by 4277?
3974
What is the remainder when 677492 is divided by 1975?
67
What is the remainder when 16861405 is divided by 7?
1
What is the remainder when 120671900 is divided by 47?
11
What is the remainder when 1318068 is divided by 1377?
279
Calculate the remainder when 3902117 is divided by 1161.
1157
What is the remainder when 183610 is divided by 3291?
2605
Calculate the remainder when 16097558 is divided by 218.
2
Calculate the remainder when 243871 is divided by 2381.
1009
Calculate the remainder when 311463 is divided by 745.
53
What is the remainder when 110332 is divided by 36549?
685
Calculate the remainder when 1760140 is divided by 368.
364
Calculate the remainder when 35930 is divided by 1433.
105
Calculate the remainder when 123129 is divided by 129.
63
Calculate the remainder when 5281991 is divided by 1520.
1511
What is the remainder when 392629 is divided by 860?
469
What is the remainder when 6615746 is divided by 756?
746
Calculate the remainder when 442086 is divided by 14.
8
Calculate the remainder when 781676 is divided by 16992.
44
Calculate the remainder when 22228631 is divided by 446.
437
Calculate the remainder when 6396858 is divided by 2933.
2918
What is the remainder when 407767 is divided by 385?
52
What is the remainder when 2875765 is divided by 5584?
5
Calculate the remainder when 4288700 is divided by 458.
446
Calculate the remainder when 4016756 is divided by 7522.
8
What is the remainder when 42913 is divided by 1226?
3
What is the remainder when 15127242 is divided by 179?
131
What is the remainder when 45766120 is divided by 63830?
10
Calculate the remainder when 5159248 is divided by 793.
783
What is the remainder when 10652265 is divided by 564?
561
Calculate the remainder when 389351 is divided by 194657.
37
Calculate the remainder when 114311 is divided by 872.
79
Calculate the remainder when 56598 is divided by 3966.
1074
Calculate the remainder when 421740 is divided by 210152.
1436
What is the remainder when 11613486 is divided by 490?
486
Calculate the remainder when 2215171 is divided by 4966.
335
What is the remainder when 32682180 is divided by 58?
50
Calculate the remainder when 29821 is divided by 29677.
144
Calculate the remainder when 1093168 is divided by 2884.
132
What is the remainder when 48129925 is divided by 1570?
5
Calculate the remainder when 768810 is divided by 30.
0
What is the remainder when 1406720 is divided by 665?
245
What is the remainder when 6074862 is divided by 5?
2
What is the remainder when 22494 is divided by 7447?
153
What is the remainder when 59626 is divided by 11812?
566
What is the remainder when 2317898 is divided by 10?
8
What is the remainder when 304974 is divided by 101649?
27
What is the remainder when 11283701 is divided by 14?
9
What is the remainder when 2648799 is divided by 661799?
1603
What is the remainder when 317561 is divided by 1671?
71
What is the remainder when 1490407 is divided by 36?
7
Calculate the remainder when 91736 is divided by 18310.
186
Calculate the remainder when 383944 is divided by 384.
328
Calculate the remainder when 471904 is divided by 10725.
4
Calculate the remainder when 323234 is divided by 7854.
1220
Calculate the remainder when 3712157 is divided by 2162.
3
What is the remainder when 620695 is divided by 310342?
11
What is the remainder when 70854 is divided by 142?
138
What is the remainder when 1110782 is divided by 82?
10
Calculate the remainder when 58012868 is divided by 251.
242
Calculate the remainder when 148491 is divided by 964.
35
What is the remainder when 8467179 is divided by 25?
4
Calculate the remainder when 64897796 is divided by 45.
11
Calculate the remainder when 269604984 is divided by 73.
70
Calculate the remainder when 12273189 is divided by 112598.
7
What is the remainder when 70429741 is divided by 1467286?
13
What is the remainder when 12104997 is divided by 2421?
2418
What is the remainder when 499653357 is divided by 4645?
4642
What is the remainder when 121936184 is divided by 1593?
1592
Calculate 